or of 12 and 26148?
12
Calculate the greatest common divisor of 32 and 208.
16
Calculate the highest common factor of 177 and 44427.
177
What is the greatest common divisor of 164 and 1558?
82
What is the highest common divisor of 1853 and 17?
17
What is the greatest common factor of 504 and 42588?
252
Calculate the greatest common factor of 150 and 162.
6
Calculate the greatest common factor of 553 and 14615.
79
Calculate the greatest common factor of 12 and 2826.
6
What is the greatest common divisor of 273 and 42?
21
Calculate the highest common divisor of 32725 and 85.
85
Calculate the greatest common factor of 420 and 14.
14
What is the greatest common divisor of 18 and 414?
18
Calculate the greatest common divisor of 18 and 396.
18
Calculate the greatest common divisor of 56 and 224.
56
What is the highest common divisor of 3322 and 176?
22
What is the greatest common factor of 1615 and 595?
85
What is the greatest common divisor of 11924 and 22?
22
Calculate the highest common factor of 70 and 245.
35
What is the greatest common divisor of 12 and 32?
4
What is the highest common factor of 60 and 7890?
30
Calculate the greatest common factor of 72 and 288.
72
Calculate the highest common factor of 2110 and 20678.
422
What is the highest common factor of 88 and 2860?
44
Calculate the greatest common divisor of 13 and 1157.
13
Calculate the highest common factor of 228 and 3306.
114
Calculate the greatest common factor of 14357 and 49.
49
Calculate the highest common factor of 216 and 252.
36
What is the greatest common factor of 28 and 8204?
28
What is the greatest common factor of 35017 and 19?
19
Calculate the highest common factor of 14 and 1526.
14
Calculate the highest common divisor of 40 and 8.
8
Calculate the greatest common factor of 126 and 72.
18
Calculate the greatest common divisor of 1953 and 3.
3
Calculate the highest common divisor of 63 and 27279.
63
What is the greatest common factor of 700 and 3430?
70
Calculate the highest common factor of 56 and 182.
14
What is the greatest common factor of 140 and 84?
28
What is the greatest common factor of 14 and 658?
14
Calculate the highest common factor of 42 and 1323.
21
What is the greatest common divisor of 2004 and 11690?
334
What is the greatest common factor of 21 and 7651?
7
Calculate the greatest common factor of 340 and 16.
4
What is the greatest common divisor of 200 and 50?
50
Calculate the highest common divisor of 81 and 1323.
27
What is the greatest common divisor of 776 and 16?
8
What is the highest common divisor of 2620 and 20?
20
What is the greatest common divisor of 581 and 1328?
83
Calculate the greatest common factor of 545 and 15.
5
What is the greatest common factor of 1 and 2545?
1
What is the highest common divisor of 61 and 61?
61
Calculate the greatest common factor of 357 and 102.
51
Calculate the greatest common divisor of 180 and 120.
60
Calculate the greatest common divisor of 441 and 315.
63
What is the greatest common factor of 18 and 3771?
9
What is the greatest common factor of 1222 and 104?
26
Calculate the greatest common divisor of 1244 and 4.
4
Calculate the greatest common factor of 99 and 2970.
99
Calculate the greatest common divisor of 568 and 8.
8
Calculate the greatest common factor of 188 and 1081.
47
What is the highest common divisor of 272 and 880?
16
What is the highest common factor of 64 and 456?
8
What is the greatest common divisor of 5190 and 30?
30
What is the highest common factor of 12 and 2334?
6
What is the greatest common divisor of 812 and 980?
28
What is the highest common divisor of 96 and 3612?
12
What is the greatest common divisor of 928 and 84?
4
Calculate the highest common divisor of 130 and 10.
10
Calculate the highest common factor of 2189 and 22.
11
Calculate the greatest common divisor of 2043 and 225.
9
Calculate the greatest common divisor of 8 and 388.
4
What is the greatest common divisor of 280 and 370?
10
What is the greatest common factor of 24 and 240?
24
What is the greatest common factor of 50 and 875?
25
What is the greatest common factor of 12501 and 27?
27
Calculate the highest common divisor of 12 and 2388.
12
What is the greatest common factor of 697 and 41?
41
What is the highest common factor of 29 and 3364?
29
What is the highest common factor of 54 and 45?
9
Calculate the greatest common factor of 8 and 22096.
8
What is the greatest common divisor of 721 and 7?
7
Calculate the greatest common factor of 206 and 32342.
206
Calculate the greatest common factor of 102 and 2516.
34
Calculate the greatest common factor of 87 and 203.
29
What is the highest common factor of 2556 and 36?
36
Calculate the greatest common divisor of 90 and 20.
10
What is the greatest common factor of 63 and 133?
7
What is the highest common divisor of 235 and 94?
47
Calculate the greatest common divisor of 160 and 7136.
32
Calculate the greatest common divisor of 152 and 8436.
76
What is the greatest common factor of 130 and 40?
10
Calculate the greatest common divisor of 1026 and 135.
27
Calculate the highest common factor of 235 and 5.
5
Calculate the highest common factor of 1853 and 4469.
109
Calculate the highest common divisor of 34 and 17.
17
Calculate the greatest common divisor of 2492 and 534.
178
What is the highest common factor of 6 and 1782?
6
Calculate the highest common factor of 285 and 60.
15
What is the highest common divisor of 3560 and 280?
40
What is the greatest common divisor of 30 and 15?
15
What is the greatest common factor of 26 and 4?
2
What is the greatest common divisor of 43 and 172?
43
Calculate the greatest common divisor of 84 and 5892.
12
Calculate the highest common divisor of 1512 and 1176.
168
What is the greatest common factor of 8 and 42?
2
Calculate the greatest common factor of 119 and 12971.
119
Calculate the highest common factor of 187 and 385.
11
Calculate the highest common divisor of 597 and 9.
3
What is the greatest common factor of 2758 and 28?
14
Calculate the highest common factor of 79 and 553.
79
What is the greatest common factor of 660 and 2940?
60
What is the greatest common divisor of 455 and 7?
7
What is the greatest common factor of 6 and 48?
6
Calculate the greatest common divisor of 321 and 10272.
321
Calculate the highest common factor of 31 and 14415.
31
Calculate the highest common divisor of 39 and 104.
13
What is the greatest common factor of 3735 and 498?
249
Calculate the highest common factor of 1441 and 11.
11
Calculate the highest common divisor of 49 and 14161.
49
Calculate the greatest common divisor of 8 and 40.
8
Calculate the greatest common factor of 4169 and 176.
11
Calculate the highest common divisor of 3904 and 64.
64
What is the highest common factor of 356 and 2225?
89
What is the greatest common divisor of 2058 and 126?
42
Calculate the greatest common factor of 43 and 3139.
43
Calculate the highest common divisor of 100 and 1425.
25
What is the greatest common factor of 14 and 525?
7
Calculate the greatest common factor of 1411 and 332.
83
What is the greatest common factor of 60 and 1500?
60
Calculate the greatest common divisor of 13 and 4225.
13
What is the greatest common divisor of 67041 and 39?
39
Calculate the greatest common factor of 374 and 3196.
34
Calculate the greatest common factor of 4199 and 1105.
221
Calculate the highest common divisor of 24063 and 39.
39
What is the highest common factor of 611 and 47?
47
Calculate the greatest common divisor of 26 and 1482.
26
Calculate the highest common divisor of 238 and 14.
14
What is the highest common divisor of 15 and 375?
15
What is the greatest common divisor of 11 and 5313?
11
Calculate the greatest common divisor of 314 and 2.
2
What is the highest common divisor of 18 and 15?
3
What is the greatest common divisor of 198 and 117?
9
What is the highest common factor of 5999 and 14?
7
Calculate the greatest common factor of 8382 and 66.
66
What is the greatest common factor of 5561 and 83?
83
What is the highest common divisor of 22 and 1958?
22
Calculate the highest common factor of 210 and 330.
30
What is the highest common factor of 3 and 51?
3
What is the greatest common divisor of 14112 and 14?
14
Calculate the highest common factor of 688 and 80.
16
What 